rt 1111110100010010 (base 2) to base 13.
23647
What is 1636 (base 8) in base 6?
4142
4a8 (base 13) to base 6
3434
110100111 (base 2) to base 16
1a7
ed23 (base 16) to base 11
41679
40656 (base 7) to base 13
46a7
-14c (base 16) to base 13
-1c7
2450 (base 6) to base 10
606
Convert 10210200 (base 3) to base 6.
20500
Convert -206 (base 8) to base 11.
-112
-1453 (base 8) to base 4
-30223
What is -534 (base 16) in base 11?
-1001
What is -110100000 (base 2) in base 6?
-1532
-12456 (base 10) to base 11
-93a4
Convert 27b (base 13) to base 5.
3230
Convert 12641 (base 9) to base 2.
10000101011110
What is 36a7 (base 12) in base 10?
6175
Convert 74e (base 16) to base 10.
1870
What is 14234 (base 5) in base 3?
1122020
Convert 111110011 (base 2) to base 3.
200111
Convert -3412 (base 6) to base 8.
-1440
What is -6981 (base 10) in base 8?
-15505
591 (base 10) to base 8
1117
-2003 (base 6) to base 7
-1161
Convert -225 (base 9) to base 6.
-505
-1101101001 (base 2) to base 3
-1012100
What is 63326 (base 8) in base 3?
1100010001
What is -214 (base 5) in base 7?
-113
What is 5677 (base 10) in base 4?
1120231
32272 (base 9) to base 8
51570
Convert -200010 (base 3) to base 7.
-1266
Convert 3303212 (base 4) to base 3.
210101102
-256 (base 11) to base 16
-12f
-11001100110010 (base 2) to base 13
-5c72
Convert -1244 (base 5) to base 2.
-11000111
10241 (base 6) to base 10
1393
What is c589 (base 13) in base 4?
12222322
Convert 249 (base 14) to base 11.
386
-1a3 (base 11) to base 14
-12a
-392 (base 11) to base 7
-1232
-2542 (base 6) to base 2
-1001111110
221223 (base 5) to base 14
2b32
Convert 101110 (base 3) to base 15.
13c
What is 1202101 (base 3) in base 6?
5531
23212103 (base 4) to base 15
e122
What is -2202 (base 6) in base 16?
-1fa
-179 (base 13) to base 9
-328
Convert 3106 (base 7) to base 3.
1111011
What is -1144 (base 7) in base 14?
-224
Convert 110325 (base 6) to base 8.
21755
-1011010001 (base 2) to base 3
-222201
What is -3415 (base 7) in base 2?
-10011010101
What is 3551 (base 8) in base 3?
2121021
What is 25bd (base 14) in base 5?
203020
What is 6db (base 16) in base 5?
24010
-11400 (base 5) to base 12
-5aa
114 (base 16) to base 3
101020
Convert -10846 (base 10) to base 16.
-2a5e
-3411 (base 6) to base 15
-384
365 (base 12) to base 11
423
Convert -231 (base 15) to base 12.
-354
What is 2400 (base 6) in base 9?
710
What is 4665 (base 11) in base 8?
13751
What is -15051 (base 6) in base 14?
-c3d
Convert -32221 (base 5) to base 2.
-100010001010
What is 100001 (base 3) in base 16?
f4
2110222 (base 3) to base 8
3420
6365 (base 7) to base 4
203030
3a322 (base 11) to base 12
29418
What is b30b (base 12) in base 15?
5b6b
What is -10312303 (base 4) in base 8?
-46663
What is -11504 (base 8) in base 5?
-124212
560 (base 8) to base 10
368
-51791 (base 10) to base 11
-35a03
fd9 (base 16) to base 13
1b01
What is -12232 (base 4) in base 11?
-361
What is -6897 (base 11) in base 16?
-2364
Convert -4223240 (base 5) to base 8.
-211455
What is -b15 (base 12) in base 5?
-22401
Convert 124122 (base 5) to base 16.
1330
300333 (base 5) to base 12
5590
What is -11331301 (base 4) in base 7?
-131143
What is 3c8 (base 16) in base 12?
688
Convert 22744 (base 8) to base 11.
7319
a53 (base 11) to base 9
1658
What is 20691 (base 11) in base 2?
111010110011100
What is -32233303 (base 4) in base 15?
-12d6d
Convert 3426 (base 7) to base 6.
5433
Convert -19 (base 14) to base 11.
-21
Convert -cdd6 (base 15) to base 11.
-2a860
20035 (base 9) to base 3
200001012
-17266 (base 8) to base 12
-4672
What is -20120202 (base 3) in base 16?
-12bf
-109c (base 15) to base 11
-2712
Convert -1aed (base 15) to base 9.
-8017
Convert -195 (base 10) to base 3.
-21020
What is 12 (base 6) in base 16?
8
What is -3321 (base 4) in base 6?
-1053
What is -16787 (base 9) in base 2?
-10110100111101
213 (base 13) to base 16
162
What is 341 (base 8) in base 4?
3201
Convert 4c96 (base 14) to base 6.
142152
-11526 (base 7) to base 4
-233001
Convert 1211 (base 6) to base 9.
357
-241112 (base 5) to base 4
-2023023
Convert -2c7a (base 15) to base 8.
-22535
-454 (base 12) to base 13
-3a3
Convert 146 (base 10) to base 15.
9b
What is -22301 (base 6) in base 3?
-11022001
Convert 3114 (base 12) to base 15.
18b4
What is -377 (base 12) in base 3?
-201101
Convert 1000222010 (base 3) to base 9.
30863
Convert -5246 (base 15) to base 16.
-43ef
-17a43 (base 11) to base 12
-12713
What is -1100101220 (base 3) in base 12?
-13436
Convert -5952 (base 13) to base 11.
-94a0
-1211101 (base 3) to base 2
-10100110101
What is -9b6 (base 12) in base 8?
-2632
-1334032 (base 5) to base 14
-9da8
Convert 100112 (base 5) to base 7.
12130
-762 (base 8) to base 11
-413
What is -11001010111011 (base 2) in base 11?
-9837
Convert -82 (base 11) to base 3.
-10100
What is 3cc5 (base 16) in base 14?
5953
-14381 (base 10) to base 5
-430011
3221320 (base 4) to base 11
10278
What is -10244 (base 6) in base 13?
-835
What is 4046 (base 8) in base 6?
13354
6d (base 16) to base 3
11001
What is -12103 (base 6) in base 12?
-1033
2273 (base 10) to base 7
6425
Convert -4ab7 (base 12) to base 3.
-102122111
Convert -13018 (base 10) to base 15.
-3ccd
492 (base 11) to base 3
210200
Convert -6c2a (base 15) to base 11.
-16300
Convert -200111 (base 5) to base 7.
-24212
What is 1455 (base 15) in base 5?
114410
Convert -650 (base 9) to base 5.
-4111
Convert -3173 (base 15) to base 12.
-6076
What is 1001101111 (base 2) in base 5?
4443
Convert 10054 (base 8) to base 12.
2490
Convert 1112101 (base 3) to base 12.
791
What is 17b93 (base 14) in base 13?
21365
16202 (base 8) to base 11
5535
-11211 (base 4) to base 15
-18c
30555 (base 6) to base 12
245b
Convert -1011332 (base 4) to base 2.
-1000101111110
Convert -18577 (base 9) to base 12.
-7544
What is -682 (base 10) in base 13?
-406
617 (base 8) to base 16
18f
Convert -271 (base 9) to base 10.
-226
Convert 1823 (base 10) to base 3.
2111112
What is -1b908 (base 15) in base 3?
-11120011022
231311 (base 4) to base 10
2933
1003231 (base 4) to base 9
5844
Convert -16258 (base 13) to base 14.
-11510
Convert -3426 (base 8) to base 12.
-1072
Convert 5335 (base 7) to base 4.
131200
Convert -101010000110100 (base 2) to base 13.
-9a72
Convert -29689 (base 12) to base 11.
-3a631
What is -44c (base 14) in base 11?
-705
584 (base 11) to base 7
2014
-123 (base 7) to base 13
-51
What is -11001001110 (base 2) in base 16?
-64e
What is 4b79 (base 16) in base 4?
10231321
What is 1098 (base 13) in base 2?
100100010010
What is 4483 (base 9) in base 5?
101230
-1000010010010100 (base 2) to base 10
-33940
Convert 35aa (base 15) to base 14.
4230
What is 141 (base 12) in base 8?
301
-6958 (base 11) to base 3
-110112110
-16c (base 14) to base 4
-10210
Convert -4012 (base 5) to base 3.
-200210
What is 576 (base 12) in base 4?
30222
Convert 10110000010 (base 2) to base 15.
640
What is 70167 (base 8) in base 16?
7077
-6534 (base 13) to base 6
-145050
What is -111110000111111 (base 2) in base 8?
-76077
2014 (base 5) to base 9
317
Convert -511 (base 9) to base 11.
-348
What is -5057 (base 11) in base 10?
-6717
What is -1681 (base 13) in base 3?
-11112211
Convert -100211112 (base 3) to base 8.
-16001
Convert -1122201 (base 4) to base 12.
-3429
22002 (base 8) to base 12
5402
-2c75 (base 14) to base 13
-3800
What is -18e5 (base 15) in base 6?
-40542
What is -6461 (base 14) in base 2?
-100001110110101
-410331 (base 5) to base 15
-3db1
What is 1011111000 (base 2) in base 8?
1370
What is -5234 (base 15) in base 14?
-6490
Convert 3611 (base 8) to base 13.
b55
-3365 (base 7) to base 15
-568
1214 (base 9) to base 7
2431
What is 23042 (base 5) in base 16?
66f
What is -390 (base 15) in base 7?
-2235
Convert -1145 (base 7) to base 5.
-3200
What is 200101 (base 3) in base 9?
611
What is -1106 (base 7) in base 14?
-206
-41076 (base 10) to base 14
-10d80
What is -331122 (base 4) in base 7?
-14313
What is -727 (base 10) in base 14?
-39d
What is 4333 (base 13) in base 6?
111121
What is -477 (base 16) in base 13?
-69c
What is -f59c (base 16) in base 5?
-4003001
-411a (base 14) to base 4
-2232330
What is -111101111110 (base 2) in base 14?
-1634
Convert 121222 (base 4) to base 5.
23032
What is -18c (base 14) in base 2?
-101000000
What is -3630 (base 7) in base 8?
-2500
Convert -1058 (base